What is the thousands digit of 215265?
5
What is the units digit of 11514329?
9
What is the hundred thousands digit of 6817770?
8
What is the units digit of 333848?
8
What is the tens digit of 791781?
8
What is the hundreds digit of 336766?
7
What is the thousands digit of 12346689?
6
What is the units digit of 20585561?
1
What is the ten thousands digit of 83371?
8
What is the tens digit of 592332?
3
What is the ten thousands digit of 5466994?
6
What is the hundreds digit of 256951?
9
What is the tens digit of 1414579?
7
What is the thousands digit of 180906?
0
What is the hundreds digit of 2089?
0
What is the millions digit of 1860250?
1
What is the hundreds digit of 860853?
8
What is the hundred thousands digit of 127466?
1
What is the hundreds digit of 1633333?
3
What is the hundreds digit of 3960589?
5
What is the hundreds digit of 5878148?
1
What is the units digit of 2898757?
7
What is the units digit of 106251?
1
What is the tens digit of 12052290?
9
What is the hundreds digit of 2684226?
2
What is the units digit of 884511?
1
What is the thousands digit of 12237?
2
What is the units digit of 96631?
1
What is the thousands digit of 7165233?
5
What is the ten thousands digit of 2329051?
2
What is the tens digit of 2967540?
4
What is the units digit of 22680780?
0
What is the thousands digit of 700204?
0
What is the units digit of 20671003?
3
What is the hundred thousands digit of 4080131?
0
What is the hundred thousands digit of 988675?
9
What is the ten thousands digit of 437211?
3
What is the ten millions digit of 17176420?
1
What is the units digit of 446839?
9
What is the tens digit of 51588?
8
What is the millions digit of 4084623?
4
What is the ten thousands digit of 4456713?
5
What is the thousands digit of 304195?
4
What is the tens digit of 222783?
8
What is the units digit of 75863?
3
What is the hundreds digit of 523971?
9
What is the ten thousands digit of 4804057?
0
What is the hundreds digit of 6090101?
1
What is the ten thousands digit of 31877?
3
What is the millions digit of 1369709?
1
What is the hundreds digit of 15932?
9
What is the units digit of 264335?
5
What is the units digit of 30284181?
1
What is the thousands digit of 564862?
4
What is the tens digit of 11841874?
7
What is the tens digit of 336004?
0
What is the tens digit of 316606?
0
What is the tens digit of 8358761?
6
What is the tens digit of 3245629?
2
What is the hundred thousands digit of 604948?
6
What is the ten thousands digit of 22204729?
0
What is the hundred thousands digit of 2116602?
1
What is the hundreds digit of 12153?
1
What is the thousands digit of 266268?
6
What is the ten thousands digit of 481319?
8
What is the thousands digit of 6826913?
6
What is the thousands digit of 14965870?
5
What is the hundreds digit of 330467?
4
What is the hundred thousands digit of 992695?
9
What is the tens digit of 755569?
6
What is the units digit of 868872?
2
What is the hundred thousands digit of 1056745?
0
What is the millions digit of 10006084?
0
What is the thousands digit of 5201507?
1
What is the ten millions digit of 10596214?
1
What is the thousands digit of 13215904?
5
What is the hundreds digit of 1295581?
5
What is the thousands digit of 166046?
6
What is the hundreds digit of 2874690?
6
What is the hundreds digit of 4310883?
8
What is the hundred thousands digit of 621488?
6
What is the ten thousands digit of 586987?
8
What is the hundreds digit of 957156?
1
What is the millions digit of 5155054?
5
What is the thousands digit of 1819524?
9
What is the thousands digit of 6204864?
4
What is the millions digit of 1316452?
1
What is the hundreds digit of 15509?
5
What is the thousands digit of 2882321?
2
What is the ten thousands digit of 327760?
2
What is the tens digit of 32727819?
1
What is the tens digit of 1587385?
8
What is the thousands digit of 128264?
8
What is the ten thousands digit of 20293?
2
What is the millions digit of 5227399?
5
What is the thousands digit of 91615?
1
What is the hundred thousands digit of 17822330?
8
What is the tens digit of 3472403?
0
What is the ten thousands digit of 1380133?
8
What is the ten millions digit of 28240801?
2
What is the ten thousands digit of 227814?
2
What is the thousands digit of 549375?
9
What is the tens digit of 529494?
9
What is the units digit of 541825?
5
What is the units digit of 359032?
2
What is the thousands digit of 8917799?
7
What is the hundred thousands digit of 269058?
2
What is the hundreds digit of 26144695?
6
What is the units digit of 553608?
8
What is the thousands digit of 3573028?
3
What is the units digit of 2036065?
5
What is the millions digit of 11072066?
1
What is the hundreds digit of 252768?
7
What is the units digit of 128921?
1
What is the hundred thousands digit of 383202?
3
What is the tens digit of 885523?
2
What is the hundreds digit of 198268?
2
What is the tens digit of 2567410?
1
What is the ten thousands digit of 12380?
1
What is the hundreds digit of 319939?
9
What is the thousands digit of 70518?
0
What is the units digit of 748659?
9
What is the units digit of 954204?
4
What is the thousands digit of 11217550?
7
What is the units digit of 787211?
1
What is the units digit of 7464120?
0
What is the ten thousands digit of 580144?
8
What is the hundreds digit of 6071779?
7
What is the thousands digit of 680003?
0
What is the ten thousands digit of 1468340?
6
What is the hundreds digit of 209233?
2
What is the tens digit of 9778822?
2
What is the hundred thousands digit of 2574462?
5
What is the ten thousands digit of 2394256?
9
What is the hundreds digit of 2175714?
7
What is the hundreds digit of 1306567?
5
What is the thousands digit of 1064980?
4
What is the thousands digit of 3210948?
0
What is the hundred thousands digit of 143745?
1
What is the thousands digit of 74535?
4
What is the units digit of 2370798?
8
What is the hundreds digit of 87244?
2
What is the units digit of 285716?
6
What is the tens digit of 181904?
0
What is the millions digit of 24974924?
4
What is the ten thousands digit of 1009727?
0
What is the hundreds digit of 6209059?
0
What is the ten thousands digit of 1986727?
8
What is the hundred thousands digit of 637811?
6
What is the ten thousands digit of 45417?
4
What is the units digit of 106149?
9
What is the millions digit of 3411508?
3
What is the hundreds digit of 1348216?
2
What is the units digit of 13701641?
1
What is the ten millions digit of 14087040?
1
What is the hundred thousands digit of 1319233?
3
What is the millions digit of 5105441?
5
What is the hundred thousands digit of 1363462?
3
What is the hundreds digit of 9698791?
7
What is the hundred thousands digit of 133465?
1
What is the hundreds digit of 49371?
3
What is the hundreds digit of 2049477?
4
What is the hundreds digit of 2701217?
2
What is the hundreds digit of 340207?
2
What is the ten thousands digit of 838935?
3
What is the hundred thousands digit of 323145?
3
What is the tens digit of 439974?
7
What is the tens digit of 92012?
1
What is the hundred thousands digit of 1134777?
1
What is the hundreds digit of 2163969?
9
What is the tens digit of 287560?
6
What is the hundred thousands digit of 8055234?
0
What is the thousands digit of 522975?
2
What is the ten thousands digit of 328933?
2
What is the hundreds digit of 667786?
7
What is the millions digit of 2549933?
2
What is the hundreds digit of 18521544?
5
What is the hundreds digit of 5238432?
4
What is the tens digit of 569901?
0
What is the tens digit of 2005965?
6
What is the ten millions digit of 20361043?
2
What is the hundred thousands digit of 34168179?
1
What is the millions digit of 4478389?
4
What is the units digit of 123587?
7
What is the hundreds digit of 3552?
5
What is the hundred thousands digit of 23677315?
6
What is the thousands digit of 198059?
8
What is the hundreds digit of 615388?
3
What is the tens digit of 218892?
9
What is the units digit of 936081?
1
What is the thousands digit of 556840?
6
What is the hundreds digit of 6692324?
3
What is the units digit of 3147128?
8
What is the units digit of 2166827?
7
What is the units digit of 3260733?
3
What is the thousands digit of 9814263?
4
What is the units digit of 7479740?
0
What is the ten thousands digit of 14530